3813
In base 11, what is -57a45901 + -5?
-57a45906
In base 12, what is 6535b6 + 0?
6535b6
In base 4, what is 3121133 + -113?
3121020
In base 7, what is -5 - 26353151?
-26353156
In base 3, what is 112 + 22211201101112?
22211201102001
In base 16, what is -1daa4 + bd?
-1d9e7
In base 10, what is 28290598 - 4?
28290594
In base 16, what is -ed + 14ca?
13dd
In base 16, what is -591b1 - -3?
-591ae
In base 14, what is 3d0db0b + -1c?
3d0dacd
In base 13, what is -9192 - 1a?
-91ac
In base 10, what is 33 + -20961406?
-20961373
In base 12, what is 7087 + 3073?
a13a
In base 13, what is -1ab535 - 59a?
-1abb02
In base 15, what is 762492c + 4?
7624931
In base 14, what is dd + -142c31?
-142b32
In base 2, what is -1110101000 + -1011111000111?
-1101101101111
In base 6, what is 4454 + -1140123?
-1131225
In base 7, what is -11305 - -1211?
-10064
In base 10, what is 2 - -5239943?
5239945
In base 3, what is 12 - 2122011101010?
-2122011100221
In base 9, what is 264633740 + 0?
264633740
In base 8, what is -341 - 152053?
-152414
In base 4, what is -2 - -20322203203?
20322203201
In base 6, what is 3150402 + 15?
3150421
In base 14, what is -10a - -577?
46b
In base 8, what is 13002434027 + -4?
13002434023
In base 14, what is 3416 - 6b3b?
-3725
In base 2, what is 1100000000001110111011100 - -10?
1100000000001110111011110
In base 10, what is -4 + 11007468?
11007464
In base 11, what is -3031 - 4a169?
-5219a
In base 6, what is 1134235 - 1531?
1132304
In base 11, what is 16434 + 391?
16815
In base 16, what is -76ec + -1212?
-88fe
In base 5, what is -34203 - -34031?
-122
In base 15, what is 1 + -8e343a4?
-8e343a3
In base 16, what is -2881b - -33d?
-284de
In base 11, what is 49087732 + -3?
4908772a
In base 5, what is 2240 - 1433102203?
-1433044413
In base 4, what is -213310200131 - 231?
-213310201022
In base 2, what is -11110001 - -110011111100010111?
110011111000100110
In base 3, what is 200022 - -1120012022?
1120212121
In base 16, what is 161f1a + 3?
161f1d
In base 14, what is -2 - -3527227?
3527225
In base 13, what is -7520 + -280?
-77a0
In base 16, what is -3 - 1f5751?
-1f5754
In base 12, what is 289 - 32010?
-31943
In base 11, what is 10773 + 977?
1163a
In base 7, what is 313146434 + -2?
313146432
In base 2, what is -1111110010010001000000010 + 0?
-1111110010010001000000010
In base 9, what is 128 - -84485?
84624
In base 12, what is -9397280 - 10?
-9397290
In base 5, what is -1411413 - 1401?
-1413314
In base 14, what is 492c7039 + -3?
492c7036
In base 3, what is -10200102 - -201211?
-2221121
In base 13, what is -175792 + -68?
-17582a
In base 9, what is -43065780 - 3?
-43065783
In base 4, what is -31 + 2223123101?
2223123010
In base 2, what is 10000010001100110001 + 10101?
10000010001101000110
In base 12, what is 649622 - 11?
649611
In base 11, what is -29 + 426631?
426603
In base 5, what is 13320034 - 100?
13314434
In base 14, what is 30870 + 107?
30977
In base 12, what is 645 + -1414?
-98b
In base 4, what is 113110213 - 1002203?
112102010
In base 16, what is 4 - b5998f5?
-b5998f1
In base 5, what is -3 - 234304034300?
-234304034303
In base 14, what is 16c9728 + 4?
16c972c
In base 4, what is -3 - 11303302233330?
-11303302233333
In base 5, what is -201023 - 2012041?
-2213114
In base 12, what is -78 - -14560a8?
1456030
In base 4, what is 1212130221 + -1033?
1212123122
In base 3, what is 1101110222212 - 101100?
1101110121112
In base 7, what is -10413334511 - 3?
-10413334514
In base 7, what is 155225466 + 61?
155225560
In base 8, what is -641040 - 4?
-641044
In base 7, what is 30411 - -46412?
110123
In base 2, what is 100 - -1010000000101111000111010011?
1010000000101111000111010111
In base 9, what is -7 - -1672007?
1672000
In base 7, what is -215302 - -56?
-215213
In base 16, what is -802 + 5641?
4e3f
In base 15, what is -6a60 + 313?
-674c
In base 2, what is 10110001010000101011110 - 11?
10110001010000101011011
In base 2, what is -110000 + -100100000011011101110101?
-100100000011011110100101
In base 2, what is 101100011011000011 + 1000111010?
101100100011111101
In base 2, what is 1111010101010 - -110010001011100?
1000001100000110
In base 12, what is 1348 + -450b?
-3183
In base 11, what is 25a852a - -7?
25a8536
In base 12, what is 6b304 - -1b8?
6b500
In base 5, what is -3004331134120 - -1?
-3004331134114
In base 4, what is -1232002 + 2323320?
1031312
In base 3, what is 200 + -2202012111201?
-2202012111001
In base 8, what is -22607453 + 10?
-22607443
In base 5, what is 31111432322 + 2?
31111432324
In base 8, what is 672 - -227041?
227733
In base 14, what is -d29 - 1296?
-21c1
In base 10, what is -588567 + -4?
-588571
In base 2, what is -1101111 - 1010110101111001?
-1010110111101000
In base 9, what is -14221 - 11733?
-26054
In base 12, what is 711a + -9aa?
6330
In base 7, what is 2 - 24322001?
-24321666
In base 2, what is -1010001011111001 - 11001111?
-1010001111001000
In base 10, what is 7932 - 166184?
-158252
In base 8, what is -10 + 20445737?
20445727
In base 13, what is -1a400a2 - -2?
-1a400a0
In base 13, what is -76c6b6 - -84?
-76c632
In base 2, what is 1111100011110010100110 - 1?
1111100011110010100101
In base 2, what is 1111110010111110101000 - -11101011?
1111110011000010010011
In base 13, what is -1107b794 - -5?
-1107b78c
In base 10, what is 173 - -92043?
92216
In base 16, what is 0 - 51c98a?
-51c98a
In base 4, what is -1303230001330 - -10?
-1303230001320
In base 14, what is -1355b7 + -2?
-1355b9
In base 11, what is 9275219 + 2?
9275220
In base 9, what is 60820 + 1214?
62134
In base 13, what is 7 + 1859570b?
18595715
In base 12, what is 1358 + 420?
1778
In base 6, what is 2 + 31342212?
31342214
In base 16, what is -1 - 22b1291?
-22b1292
In base 15, what is 215b8 - 13d?
2147a
In base 6, what is -3 + -104152150?
-104152153
In base 7, what is -23060403 - -12?
-23060361
In base 15, what is 7be9 - 3ac5?
4124
In base 8, what is -2711431007 - -2?
-2711431005
In base 9, what is -128480 + -78?
-128568
In base 10, what is -90 + -1262491?
-1262581
In base 2, what is 10010010111100001011111 + -10?
10010010111100001011101
In base 9, what is 171 - -1411542?
1411723
In base 14, what is -14398c - -c?
-143980
In base 14, what is 20d61 - 1732?
1d62d
In base 5, what is -1240 - 122010342?
-122012132
In base 3, what is -11020202 + -1020120101?
-1101211010
In base 2, what is -101000 + 11000111101011?
11000111000011
In base 15, what is -1 - -53680a?
536809
In base 3, what is 10 + -222212100201010?
-222212100201000
In base 15, what is 1d7ab1 + -62?
1d7a4e
In base 16, what is -a62 + cd1e?
c2bc
In base 6, what is 1 - -23452210513?
23452210514
In base 12, what is 104698 + 33?
10470b
In base 16, what is -b2 - 12cc?
-137e
In base 14, what is 3cd - 4a48?
-4659
In base 11, what is -3 - 3263a870?
-3263a873
In base 13, what is -5 - -2c647b?
2c6476
In base 15, what is 266ced - -2?
266d00
In base 11, what is 2 + -6776302?
-6776300
In base 13, what is -33662 - -48?
-33617
In base 10, what is 37 - -6789497?
6789534
In base 14, what is 312a1 - -34?
312d5
In base 11, what is 32 - 295092?
-295060
In base 11, what is 333a1 + -216?
33186
In base 3, what is -12212021101 - -21?
-12212021010
In base 4, what is 200230 + -133112?
1112
In base 14, what is -1b0 - 769178?
-769348
In base 11, what is -179183 - -1a8?
-178a86
In base 2, what is -10 + -10000000010001001101?
-10000000010001001111
In base 2, what is -1100111110001101000 - -10100?
-1100111110001010100
In base 15, what is -92 + -c317?
-c3a9
In base 4, what is 103031301102 + 22?
103031301130
In base 12, what is 1512a - 1a9?
14b41
In base 7, what is -4 - -114620365?
114620361
In base 6, what is -1222 + 1145415?
1144153
In base 9, what is -2743 + 10478?
6635
In base 12, what is 1 + 18627518?
18627519
In base 12, what is 38 - -89319?
89355
In base 15, what is -690c1 + 332?
-68c8e
In base 8, what is -21125607 - -1?
-21125606
In base 12, what is -49a + -380b7b?
-381459
In base 13, what is -b + -2619bb?
-2619c9
In base 15, what is -2b48ae - -1?
-2b48ad
In base 9, what is -512046085 + -5?
-512046101
In base 14, what is -4641c55 - 0?
-4641c55
In base 6, what is -244445315 - -5?
-244445310
In base 15, what is 3 + -8329c7?
-8329c4
In base 4, what is 320200 - 2112?
312022
In base 11, what is -15827a25 - -3?
-15827a22
In base 9, what is 5 + -21635446?
-21635441
In base 14, 